30) - g/(-150)?
3
Let p(q) = 20*q - 1. Let x(c) = c**2 - 6*c + 5. Let b be x(5). Suppose -a + 0*o - 2*o + 5 = b, -5*a + 2*o = -1. What are the prime factors of p(a)?
19
Let q(r) be the second derivative of 7*r**3/6 - 7*r**2 - 2*r. Let s be q(15). Suppose -3*i - 7 + s = 0. What are the prime factors of i?
2, 7
Let f = 3592 - 390. What are the prime factors of f?
2, 1601
Suppose 654 = 2*p - 2*k, -k + 319 + 329 = 2*p. What are the prime factors of p?
5, 13
Suppose 3*q = 13 + 8. Suppose 0 = -3*t - 3*i + 6, -2*t - 9 = -3*i + q. What are the prime factors of 0/t + (-35)/(-7)?
5
Suppose -r - 4 - 1 = 0. Let d be r + 4 + -1 - 26. Let o = -3 - d. What are the prime factors of o?
5
Let n(m) = -51*m + 27. Let z be n(-9). Suppose -z = 8*c - 10*c. List the prime factors of c.
3
Let h be ((-12)/3)/4 - (1 + -74). Suppose 7*r = -h + 408. What are the prime factors of r?
2, 3
Suppose -l - 9 = -5*t + 3*l, t - 3*l + 7 = 0. Let g(c) = t + 77*c - 4 - 73*c. List the prime factors of g(3).
13
Let g(x) = 6*x - 72. What are the prime factors of g(18)?
2, 3
Let a(i) = -i**2 - 4*i - 3. Let x be a(-3). What are the prime factors of x + (-3 + 7 - -17)?
3, 7
Suppose o = -3*n + 207, -3*o + 2*n + 410 = -211. List the prime factors of o.
3, 23
Let d(p) = -p - 8. Let v be d(-10). Let z(j) = -j**2 + 19*j**3 + 0*j**2 - 3*j + 2*j + 2*j**v. List the prime factors of z(1).
19
Let w = -84 + 30. Let a be (-8)/(-12)*w/(-4). Suppose -4*h + a = -75. List the prime factors of h.
3, 7
Let q = -51 - -106. Let w be (-2)/(-14) - (-27)/7. Suppose -3*v - q = -2*p - 0*p, -35 = -p + w*v. List the prime factors of p.
23
Suppose -5*d - 235 = -5*s - 0*s, -59 = -s - 3*d. Let u = 95 - s. List the prime factors of (-16 - -2)*u/(-18).
5, 7
Let z = 1 + 2. Suppose -z*y - 47 = -2*x - 160, 4*x - 70 = -2*y. Let k = -3 + y. List the prime factors of k.
2, 17
Let h(m) = 105*m - 7. List the prime factors of h(1).
2, 7
Let g = -335 + 547. What are the prime factors of (g/(-12))/((-2)/6)?
53
Suppose -9*q = -5*q + 56. Let w = -12 - q. List the prime factors of 36/(-18)*(-25)/w.
5
Suppose 5*t + 25 = -i - 3*i, 2*t = -4*i - 10. Suppose -12*a - 2*a + 42 = i. List the prime factors of a.
3
Suppose 0 = 2*s - 6, -6*k + 3*s = -8*k + 245. Suppose -2*m - k = -352. What are the prime factors of m?
3, 13
Let l be 3060/(-81) - (-3)/27*-2. List the prime factors of 0 - l - (-12)/6.
2, 5
Suppose -11 = -3*w - 5. Suppose 6*q - w*q - 132 = 0. List the prime factors of q.
3, 11
Let u be 1 - -1 - (-51)/3. Let c(m) = -4*m - 13. Let p be c(-2). What are the prime factors of u - p/((-5)/(-3))?
2, 11
Let h = -35 + 21. Let u be 1/((-2)/72 + 0). List the prime factors of u/(-14)*h/(-3).
2, 3
Suppose 2*w + 4*q - 16 = 0, 5*w - 35 + 17 = q. List the prime factors of w.
2
List the prime factors of 9/(-6) + 9290/4.
11, 211
Let s be 1866/4 - 11/(-22). Suppose 3*i = s - 164. Suppose -4*r = -i + 13. What are the prime factors of r?
2, 11
Let a(r) = 4*r + 19. Let w(l) = -l**2 + 11*l - 8. Let t be w(11). Let u be a(t). Let b = u - -62. List the prime factors of b.
7
Let a(c) = c**2 + 5. Let m be a(-7). List the prime factors of m + (3/(-1) - 0).
3, 17
Let a(z) = z + 9. Let j be a(-7). Suppose 40 = j*m + 6. What are the prime factors of m*(-1)/(-4)*4?
17
Suppose q - 7 = -5*d, -3*d + 1 = -0*q - q. Suppose 4*k + 331 = 3*o, 460 = q*o + 2*o + 4*k. List the prime factors of o.
113
Suppose 19453 + 172193 = 78*j. What are the prime factors of j?
3, 7, 13
Let h = -5 - -8. Let o(m) = -6 + 7 + 2*m - m**2 + 45*m**h - 1. What are the prime factors of o(1)?
2, 23
Let a = 294 - -83. List the prime factors of a.
13, 29
List the prime factors of 1/(-2)*1*19632/(-8).
3, 409
Suppose -3*j = -8*j - 75. Let x be 4 + j/6*-2. Suppose x*d - 6*d - 117 = 0. List the prime factors of d.
3, 13
Let d be (-29)/((-20)/(-8) + -2). List the prime factors of 1 - (2 + d)/2.
29
Let x be (-248)/(-18) - (-4)/18. Suppose -3*g + 7 = -5. Let w = x - g. List the prime factors of w.
2, 5
Let i(n) = -4 - 6*n**2 + 7*n**2 + 3*n + 5*n**2 + 0. Let m be i(1). Suppose 59 = m*w - 111. List the prime factors of w.
2, 17
What are the prime factors of (12/(-15 + 9))/((-5)/1675)?
2, 5, 67
List the prime factors of (-6)/(-10) - (-2 - 49152/30).
3, 547
Suppose -5*v - 3*o + 1485 = 0, -6*v - 2*o = -4*v - 594. List the prime factors of v.
3, 11
Suppose -3*p - 2*i + 71 = 0, 29*p - 24*p + 5*i - 120 = 0. What are the prime factors of p?
23
Let w(n) = n**3 - 26*n**2 - 31*n + 13. What are the prime factors of w(28)?
23, 31
Suppose -25 - 43 = -4*i. Suppose -2*z = -5*y + 49, 0 = y + 2*z - 6*z - i. List the prime factors of 3/18*y*24.
2, 3
Suppose 0 = q + 2*q + 24. What are the prime factors of (-1 - q) + -4 + 56?
59
Let h(z) = z**3 - 12*z**2 - 6. Let j be h(12). Let r(t) = -t**2 - 5*t + 7. Let q be r(j). Suppose g - 5 - q = 0. List the prime factors of g.
2, 3
Let p(t) = -t + 229. List the prime factors of p(34).
3, 5, 13
Let h be 10/(-75)*-3*50/2. Let j(y) = y**2 - 3*y + 18. What are the prime factors of j(h)?
2, 11
Suppose 0 = 5*b - 9*b - 328. Let g = b - -156. Suppose 6*l = 4*l + g. List the prime factors of l.
37
Let c be ((-224)/12)/7*-3. Suppose 6*o - c = 2*o. Suppose 2*b + r = 93, -3*r - 137 = -3*b - o*r. List the prime factors of b.
2, 23
Let a(v) = 29*v - 157. What are the prime factors of a(34)?
829
Let o = 2 + 2. Let z(i) = 3*i**3 - 5*i**2 + 6*i - 3. What are the prime factors of z(o)?
7, 19
Suppose 4*v + 82*b - 5409 = 81*b, -5*b = -5. List the prime factors of v.
2, 13
Suppose 10568 = 4*j - 4*y, -2*j + y = -1837 - 3444. What are the prime factors of j?
7, 13, 29
Let n = 74 + -45. Suppose -8*r + 216 = 56. Let s = r + n. What are the prime factors of s?
7
What are the prime factors of (-62)/(-279) + (-30956)/(-18)?
2, 5, 43
Let r(t) = 19*t**2 + 8*t + 2. Let a = -26 + 23. What are the prime factors of r(a)?
149
Let s be -5*((-9)/12)/(5/184). Suppose s = -d + 4*d. What are the prime factors of d?
2, 23
Let d(b) = -82*b + 266. List the prime factors of d(-5).
2, 13
Suppose 4*h = -4*x + 132, -x - 63 = -2*h - 12. Let c = 60 - h. List the prime factors of c.
2
Suppose 5*r + 6*k - 15 = k, -4*r - 3*k + 11 = 0. Suppose -i + 219 = 4*s - 425, r*i = -2*s + 328. List the prime factors of s.
2, 5
Suppose -4*u + 161 + 335 = 0. Let f = 184 - u. What are the prime factors of f?
2, 3, 5
Suppose -5*a + 243 = h, 3*h = -2*h - 3*a + 1127. Let l = 369 - h. List the prime factors of l.
2, 73
Let z(n) = -n**3 + 58*n**2 - 95*n + 94. List the prime factors of z(56).
2, 523
Let v = -1186 - -1588. List the prime factors of v.
2, 3, 67
Let a(r) = r + 6. Let h(s) = s**2 - 6*s - 2. Let b be h(5). Let z be a(b). Let y(k) = 49*k**2 + k + 2. What are the prime factors of y(z)?
2, 5
Suppose -5*u - 2*z + 3 = -34, -29 = -4*u - z. Suppose 2*f - 16 = -5*d, 0 = 4*d - 4*f + u - 3. What are the prime factors of d?
2
Let y = 6869 + -1476. List the prime factors of y.
5393
Suppose -18*s + 506 = -15*s - 5*v, 0 = s + 4*v - 197. List the prime factors of s.
3, 59
Let v(g) = -g**3 + 4*g**2 - 3*g + 10. Let q be v(3). List the prime factors of (-9)/15 + 1416/q.
3, 47
List the prime factors of 280/(-56) - (-476 + -1).
2, 59
Suppose 5*o - 54 + 19 = 0. Suppose -18*f + 21*f = 99. Let u = o + f. List the prime factors of u.
2, 5
Let a(g) = -25*g - 103. List the prime factors of a(-7).
2, 3
Let a = 131 + -126. Suppose a*r + 598 - 28 = 5*l, 9 = 3*r. List the prime factors of l.
3, 13
Let q(w) = w**2 - 2*w + 15. Let y = 84 - 79. What are the prime factors of q(y)?
2, 3, 5
Let f(q) = -q**3 - 6*q**2 + 8*q + 5. Let i be f(-7). Suppose -3*t + 5*w + 102 = 0, 0 = -4*t + 2*w - 7*w + 171. Let b = t - i. What are the prime factors of b?
41
Let n(f) = -2*f - 4. Let h be n(-3). Suppose 0 = 4*x + 5*q, h*q + 13 = -3*x + 4*x. Suppose -3*d - 16 + 89 = -r, x*r = -20. List the prime factors of d.
23
Suppose -2*i + 42 = -f, 4*f - f + 6 = 0. Suppose 0 = -0*n - 2*n + 4*p - 20, 5*n - 4*p = -i. Suppose -2*j + 5*j - 18 = n. What are the prime factors of j?
2, 3
List the prime factors of -1*2/(-2)*(-52320)/(-40).
2, 3, 109
Let r be (-14)/(-21)*(-28 + 1). List the prime factors of (r/7)/(3/(-28) + 0).
2, 3
List the prime factors of 3536 + -3 - (9 + 24/(-4)).
2, 5, 353
Let o = -82 + 140. Let l = o - 9. What are the prime factors of l?
7
Let j(g) be the first derivative of 3*g**3 + 5*g